733833.
3, 7, 31, 44269
List the prime factors of 37447833.
3, 12482611
List the prime factors of 34417328.
2, 11, 283, 691
List the prime factors of 1130690159.
83, 13622773
What are the prime factors of 70350841?
11, 6395531
What are the prime factors of 67221765?
3, 5, 13, 38303
List the prime factors of 3173315921.
6301, 503621
What are the prime factors of 127295464?
2, 15911933
What are the prime factors of 4275232126?
2, 11, 97, 941, 2129
List the prime factors of 666250120.
2, 5, 37, 450169
What are the prime factors of 100074887?
11, 9097717
What are the prime factors of 82897485?
3, 5, 11, 502409
List the prime factors of 5211320875.
5, 31, 1344857
What are the prime factors of 46859521?
46859521
List the prime factors of 33698633.
33698633
List the prime factors of 308865246.
2, 3, 51477541
What are the prime factors of 500426713?
293, 1707941
List the prime factors of 243633793.
13, 18741061
What are the prime factors of 37112897?
1741, 21317
List the prime factors of 89736992.
2, 421, 6661
What are the prime factors of 529245525?
3, 5, 23, 306809
List the prime factors of 54244284.
2, 3, 71, 63667
What are the prime factors of 992209530?
2, 3, 5, 13, 61, 179, 233
List the prime factors of 264308350.
2, 5, 17, 53, 5867
List the prime factors of 231024264.
2, 3, 131, 197, 373
List the prime factors of 190715887.
41, 4651607
What are the prime factors of 1317662021?
13, 4049, 25033
What are the prime factors of 54698718?
2, 3, 1637, 5569
List the prime factors of 5004012394.
2, 2502006197
What are the prime factors of 112898082?
2, 3, 11, 67, 211
What are the prime factors of 733359216?
2, 3, 15278317
List the prime factors of 86242379.
179, 481801
List the prime factors of 81710737.
1439, 56783
List the prime factors of 5401687531.
5401687531
What are the prime factors of 240597482?
2, 131, 137, 6703
List the prime factors of 4040492327.
883, 4575869
What are the prime factors of 190068333?
3, 7, 13, 41, 16981
List the prime factors of 2890673684.
2, 722668421
What are the prime factors of 416643500?
2, 5, 7, 13, 9157
List the prime factors of 356998439.
7, 29, 41, 59, 727
List the prime factors of 132780680.
2, 5, 59, 56263
What are the prime factors of 28623792?
2, 3, 37, 71, 227
What are the prime factors of 5338060?
2, 5, 7, 13, 419
List the prime factors of 47005239.
3, 15668413
What are the prime factors of 83385039?
3, 27795013
What are the prime factors of 449768992?
2, 43, 326867
List the prime factors of 54236898.
2, 3, 23, 43669
What are the prime factors of 66434901?
3, 13, 197, 8647
What are the prime factors of 265538524?
2, 2819, 23549
List the prime factors of 3182992874.
2, 1591496437
List the prime factors of 1251066262.
2, 73, 8568947
What are the prime factors of 54648100?
2, 5, 13, 127, 331
What are the prime factors of 127013567?
23, 179, 30851
List the prime factors of 2935034925.
3, 5, 191, 331, 619
What are the prime factors of 1106388748?
2, 276597187
What are the prime factors of 19463450?
2, 5, 389269
What are the prime factors of 42829106?
2, 1283, 16691
What are the prime factors of 2002220690?
2, 5, 61, 173, 18973
What are the prime factors of 2751527938?
2, 2699, 509731
List the prime factors of 382829273.
17, 23, 979103
What are the prime factors of 41503337?
373, 111269
What are the prime factors of 233273303?
17, 29, 269, 1759
What are the prime factors of 5436977594?
2, 29, 31, 3023903
What are the prime factors of 1871560901?
7, 267365843
List the prime factors of 50187237.
3, 53, 315643
List the prime factors of 852457742.
2, 426228871
What are the prime factors of 203327926?
2, 101663963
List the prime factors of 579384960.
2, 3, 5, 7, 11, 3919
What are the prime factors of 222642856?
2, 79, 151, 2333
List the prime factors of 111190775.
5, 643, 6917
What are the prime factors of 2324871?
3, 258319
List the prime factors of 604583238.
2, 3, 7, 14394839
List the prime factors of 1428144512.
2, 11157379
What are the prime factors of 6650026456?
2, 647, 983, 1307
What are the prime factors of 291042017?
7, 43, 2819
What are the prime factors of 539453248?
2, 17, 495821
What are the prime factors of 3745261706?
2, 1872630853
What are the prime factors of 153279216?
2, 3, 101, 1171
What are the prime factors of 32083523?
5233, 6131
What are the prime factors of 1412292864?
2, 3, 1838923
What are the prime factors of 67476755?
5, 13495351
What are the prime factors of 44060259?
3, 19, 772987
List the prime factors of 4053504958.
2, 23, 67, 311, 4229
List the prime factors of 32915541.
3, 10971847
List the prime factors of 396501513.
3, 132167171
List the prime factors of 8915295647.
269, 33142363
What are the prime factors of 627625549?
43, 14595943
What are the prime factors of 32336073?
3, 7, 11, 29, 1609
What are the prime factors of 649821450?
2, 3, 5, 4332143
List the prime factors of 9770119.
9770119
List the prime factors of 527727604.
2, 149, 885449
What are the prime factors of 561048001?
251, 2235251
List the prime factors of 57042215.
5, 1873, 6091
What are the prime factors of 59613896?
2, 1621, 4597
List the prime factors of 382555980.
2, 3, 5, 708437
What are the prime factors of 176311874?
2, 88155937
List the prime factors of 1439325177.
3, 89, 1987, 2713
What are the prime factors of 1743457260?
2, 3, 5, 53, 397, 1381
What are the prime factors of 249284597?
379, 657743
What are the prime factors of 16479584?
2, 11, 46817
What are the prime factors of 5506292721?
3, 1835430907
What are the prime factors of 2163624962?
2, 19, 56937499
What are the prime factors of 36061880?
2, 5, 901547
What are the prime factors of 975065676?
2, 3, 13, 6250421
List the prime factors of 371917538.
2, 359, 517991
What are the prime factors of 941935107?
3, 41, 7658009
List the prime factors of 897376017.
3, 59, 5069921
List the prime factors of 3688340387.
79, 3109, 15017
List the prime factors of 1860580073.
11, 19, 8902297
List the prime factors of 699408141.
3, 233136047
List the prime factors of 45730005.
3, 5, 1031, 2957
What are the prime factors of 2571510?
2, 3, 5, 85717
What are the prime factors of 320032654?
2, 31, 461, 11197
What are the prime factors of 23692139?
23, 233, 4421
List the prime factors of 98469011.
43, 599, 3823
What are the prime factors of 1662311560?
2, 5, 7, 13, 456679
List the prime factors of 153898457.
153898457
What are the prime factors of 2029426?
2, 7, 17, 8527
List the prime factors of 234071838.
2, 3, 7, 11, 13, 1181
What are the prime factors of 248137157?
5861, 42337
What are the prime factors of 3910999904?
2, 7, 383, 45587
List the prime factors of 368733783.
3, 11, 11173751
List the prime factors of 16831918.
2, 8415959
What are the prime factors of 1892969288?
2, 7, 33803023
List the prime factors of 3536080894.
2, 89, 1033, 19231
List the prime factors of 561316264.
2, 70164533
What are the prime factors of 134959700?
2, 5, 41, 32917
What are the prime factors of 87668419?
887, 98837
What are the prime factors of 14535487?
37, 392851
What are the prime factors of 268256409?
3, 29, 67, 46021
What are the prime factors of 268467409?
7, 31, 1237177
What are the prime factors of 189642890?
2, 5, 29, 653941
List the prime factors of 1037272245.
3, 5, 31, 37, 60289
List the prime factors of 373966944.
2, 3, 13, 299653
List the prime factors of 89445879.
3, 9938431
List the prime factors of 92425275.
3, 5, 41, 43, 233
List the prime factors of 804183422.
2, 7, 229, 250837
What are the prime factors of 177036025?
5, 7081441
List the prime factors of 4170341370.
2, 3, 5, 13, 23, 97, 4793
List the prime factors of 3849462026.
2, 151, 181, 70423
List the prime factors of 215469591.
3, 71823197
What are the prime factors of 41261669?
17, 2427157
What are the prime factors of 4910880851?
29, 1031, 164249
What are the prime factors of 54371645?
5, 113, 96233
List the prime factors of 24670205.
5, 7, 704863
List the prime factors of 6934206499.
11, 630382409
List the prime factors of 5309130161.
379, 14008259
What are the prime factors of 2983383991?
7, 1787, 238499
What are the prime factors of 307474581?
3, 2551, 40177
List the prime factors of 2312013881.
643, 3595667
List the prime factors of 47036995.
5, 79, 193, 617
List the prime factors of 114446726.
2, 257,